ommon divisor of 84 and z?
12
Let z(l) = -5*l - 15. Suppose 3*s - 17 = 1. Let o be s*2/4 - 9. Let b be z(o). Calculate the highest common divisor of 10 and b.
5
Suppose 17 = -5*g + 2. Let j be 0*g/(2 - -1). Let f = 4 - j. What is the greatest common factor of 36 and f?
4
Let o be (1/1)/((-18)/(-36)). Suppose 4*k + 23 = 5*p, 6*k = -p + o*k + 19. What is the greatest common factor of p and 42?
7
Let q(g) = -g**2 - 27*g + 14. Let h be q(-27). Let u be ((-2)/4)/(1/(-14)). What is the highest common divisor of h and u?
7
Let o = 27 - 12. Let g = 27 - o. Suppose 0 = 3*u - 4*h - 0*h - 24, -u - 3*h - 5 = 0. What is the highest common divisor of g and u?
4
Let t be 44/(2/(-1))*-11. Suppose 2*y + 5*d - 44 = 0, -5*d = -4*y - 4*d + 88. Calculate the greatest common factor of t and y.
22
Let c(m) = -m + 23. Let l be c(-12). Calculate the greatest common factor of 280 and l.
35
Suppose -1191*n + 1193*n = 182. What is the highest common divisor of 39 and n?
13
Let q be -81*(-5 + 50/30). What is the greatest common divisor of q and 1755?
135
Let k(b) = -3*b**2 + 3. Let s be k(4). Let u be 1*2*s/(-6). Suppose u*x - 20*x + 240 = 0. What is the highest common divisor of 12 and x?
12
Let k(t) = 15*t**3 + t**2 + 1. Suppose 3*u - 1 - 5 = 0. Let o be k(u). Suppose -j = 4*j - o. Calculate the greatest common divisor of j and 5.
5
Let j be 140/63 + 12/(-54). Let y = 25 + -9. Calculate the highest common divisor of j and y.
2
Let w = 22 - 16. Suppose 2*m = m + g + 27, 8 = -2*g. Let s = m + w. What is the highest common factor of 29 and s?
29
Let w(k) = 44*k**2 + k - 2. Let r be w(2). Suppose 110 = -133*x + 138*x. Calculate the greatest common factor of r and x.
22
Let f be 5/(-3)*(-3621)/17. What is the highest common factor of f and 10?
5
Let i be (((-48)/5)/(-6))/(6/(-15)). Let f be 6056/88 + 3 - i/22. Calculate the highest common factor of 9 and f.
9
Let k = 4 - 4. Let l be -3 - (2 - (k - -15)). Calculate the greatest common divisor of 5 and l.
5
Suppose p - 2*y - 1 = 3, -y - 1 = 0. Suppose -7*r + p*r + 180 = 0. Calculate the highest common factor of r and 4.
4
Let w be (-2)/4 - (-1247)/58. Suppose 47 = 5*x - 4*d, 20 + 6 = 2*x - 4*d. Calculate the greatest common factor of x and w.
7
Let o be (-1)/((-5)/20 + 2/(-8)). Let m be (((-384)/30)/4)/(o/(-35)). What is the highest common factor of m and 8?
8
Let j(l) = 6*l + 117. Let b be j(-13). What is the highest common divisor of b and 91?
13
Let s be ((-10)/4)/((-5)/30). Let r be ((-5)/s)/((-2)/60). Let h = 31 + -21. What is the greatest common factor of r and h?
10
Let j be (-56)/42*-3*1/4. Let a be 12*j*5/10. Calculate the greatest common factor of a and 24.
6
Let x be (-366)/(-4) - (6 + (-9)/2). Calculate the highest common factor of 2 and x.
2
Suppose -22*d = -16*d - 1710. Calculate the greatest common factor of d and 45.
15
Suppose -4*m = 4*m - 32. Suppose -82 = -m*v + 6. What is the greatest common factor of 11 and v?
11
Suppose -5 = -j - 1. Suppose 5*a = -18 + 378. Suppose 0*q + a = j*q. Calculate the greatest common factor of q and 2.
2
Suppose i = r + 24, -26*r + 30*r - 93 = -3*i. Calculate the highest common divisor of i and 1.
1
Suppose -y - 200 = -2*r - 4*y, 0 = -3*r + 5*y + 300. What is the greatest common divisor of r and 75?
25
Let j be -3*1 - (-32)/4. Suppose -74 = -4*k + j*g, g + 12 - 42 = -2*k. Calculate the highest common divisor of 56 and k.
8
Suppose 2*r - 19 = -5*f, 5*f - 5 = r + 8. Suppose -f*u = -5*l + 125, 3*l = l - 5*u + 81. What is the highest common divisor of l and 252?
28
Suppose 5*i = f + 294, 4*i + 5*f = 4*f + 228. What is the highest common factor of i and 145?
29
Let y = 6 + -1. Let d(u) = u - 12. Let h be d(12). Suppose h = 5*v - 9*v + 20. Calculate the greatest common divisor of v and y.
5
Let j be 90/21 - (-6)/(-21). Let l(r) = r**3 + 0*r**2 + 3*r - 3*r - j*r**2 + 3. Let b be l(6). Calculate the highest common factor of 30 and b.
15
Let q be (-1)/11 - ((-2040)/(-187) + -19). Suppose -8 = -j - 3. Suppose 0*v - 2*v - 4 = -2*z, -j*v + 6 = 3*z. What is the greatest common divisor of z and q?
2
Suppose 4*y = b + 312, 359 = 5*y + 2*b - 18. Suppose 34*n - 8 = 32*n. Suppose n*j = 4, -36 = -3*m + j - 4. What is the greatest common divisor of y and m?
11
Let g(z) = -2*z**2 - 6*z - 8. Let p be g(-6). Let a = p - -12. Let t be (-4924)/a + (-2)/(-16). What is the greatest common divisor of t and 14?
14
Suppose -m + 2*r + 0 = 4, -3*m + 3*r = 0. Calculate the highest common divisor of m and 18.
2
Let s = 437 - 185. What is the greatest common divisor of 36 and s?
36
Let k = 40 - 22. Let f = -2474 + 2618. What is the highest common divisor of f and k?
18
Let p be 1/(0 - (-4)/16). Suppose -3*i + 12 = -p*q + 10, 0 = i + q - 3. What is the highest common divisor of 16 and i?
2
Suppose 40 = 7*s + s. Suppose 4*r = 4, s*i + r + 2 = 6*i. Let v(b) = -b**2 - 2*b + 4. Let m be v(-3). What is the highest common divisor of i and m?
1
Suppose d - 4 = -d. Suppose d*x - 5*o = 67, -4*o = 5*x - 6 - 112. Suppose -975 = -5*t - 20*t. What is the greatest common factor of x and t?
13
Let i(n) = n**3 - 5*n**2 + 12*n + 104. Let g be i(15). Calculate the greatest common divisor of g and 7.
7
Let r(n) = 95*n + 10. Let y be r(2). What is the highest common divisor of 16 and y?
8
Suppose 0 = 73*g - 62*g - 4719. What is the greatest common factor of 156 and g?
39
Let x = 46 + -23. Suppose 32*p = 34*p - 322. What is the highest common factor of x and p?
23
Suppose -5*z + 809 = 4*f - f, 0 = -3*z + f + 477. What is the highest common factor of 40 and z?
40
Suppose 1650 = 30*m + 25*m. Suppose 5 + 7 = 3*z, -19 = -5*u - z. What is the greatest common divisor of u and m?
3
Suppose -363*t - 6 = -364*t. Let a be (-2)/5 + (-544)/(-10). What is the greatest common factor of a and t?
6
Let o = 13 + -6. Suppose o = 4*s + 11. Let c be (54/63)/(s/(-49)). Calculate the highest common factor of c and 6.
6
Let y(v) = -v**2 - 58*v + 10. Let a be y(-30). What is the highest common factor of 34 and a?
34
Let k = -230 + 302. What is the greatest common divisor of 54 and k?
18
Let f = 20 + -9. Let j = -7 + f. Suppose j*g - 696 = -264. Calculate the greatest common divisor of g and 12.
12
Let r(c) = c**3 + 2*c**2 - c + 128. Let f be r(0). What is the greatest common factor of f and 48?
16
Let y be -2 - (-7 - -1) - (-396)/11. What is the greatest common divisor of y and 15?
5
Suppose 9 = -68*a + 71*a. Suppose 0 = 5*m + 6*i - i - 55, 4*m - i - 19 = 0. What is the greatest common factor of m and a?
3
Suppose 130*k = 137*k - 21. Calculate the highest common divisor of k and 507.
3
Suppose 1442 = -6*d + 8*d. Suppose 145 = -6*k + d. Calculate the highest common factor of 12 and k.
12
Suppose 1971 = 13*c - 4178. Calculate the greatest common factor of 43 and c.
43
Let m be ((-2)/(-3))/((-3)/(-9)). Suppose 2 = -k + 5*d, 0 = k - m*k - 2*d + 12. Let s = 46 - 34. Calculate the highest common divisor of k and s.
4
Let u be (-5 - -3)/(-2) + -1. Let t(h) = h**3 + h**2 - h + 4. Let o be t(u). Suppose o*f = f + 27. What is the highest common divisor of f and 1?
1
Let k be 224 + (-3 - -6) + 4. Calculate the highest common factor of k and 77.
77
Let n be 0/((-1 - 4) + 4). Let g be -2 + n + 5 + 2. Suppose -345 = -4*l - g*k, 405 = 5*l - 2*k + 3*k. What is the highest common divisor of l and 16?
16
Let k(y) = y**3 + 3*y**2 - 3*y - 1. Let u be k(-2). Let p(i) = 9*i**2 + 26*i + 26. Let a be p(-1). Calculate the highest common factor of u and a.
9
Suppose 10*n - 15063 = -1293. Calculate the highest common factor of 81 and n.
81
Suppose 2*h - 36 + 4 = 0. What is the greatest common factor of 3 and h?
1
Suppose 51 = 4*b - 5*i, 7*b = 4*b - 2*i + 21. Suppose u = -2*u - b. Let t be 1/((3/(-10))/u). Calculate the greatest common divisor of t and 5.
5
Suppose -105 = -18*i + 21. Calculate the greatest common divisor of i and 56.
7
Suppose -3*r = -4*r + 4. Suppose -30 = 2*b - r*v, 67 = -2*b - 3*b + 2*v. Let j = 43 + b. Calculate the highest common factor of j and 45.
15
Let a = -1183 + 1303. Let o be (-1)/1*1 - -49. What is the highest common factor of a and o?
24
Let s(x) = 3*x**2 + 4*x - 123. Let a be s(10). Calculate the highest common factor of a and 7.
7
Let t be ((-275)/(-10))/(20/368). What is the greatest common divisor of 44 and t?
22
Let s(j) be the third derivative o